d 85.
5
Calculate the greatest common factor of 112 and 272.
16
What is the greatest common factor of 165 and 30?
15
What is the highest common factor of 6 and 66?
6
What is the greatest common factor of 243 and 180?
9
What is the greatest common divisor of 240 and 36?
12
What is the greatest common factor of 150 and 102?
6
What is the highest common divisor of 7611 and 258?
129
Calculate the greatest common divisor of 14958 and 18.
18
What is the highest common factor of 105 and 15?
15
Calculate the greatest common divisor of 645 and 86.
43
What is the greatest common divisor of 198 and 2244?
66
Calculate the greatest common divisor of 6446 and 99.
11
What is the highest common factor of 114 and 190?
38
Calculate the greatest common factor of 539 and 203.
7
Calculate the greatest common factor of 96 and 1264.
16
What is the highest common factor of 45 and 1422?
9
What is the highest common factor of 39 and 1443?
39
Calculate the highest common factor of 168 and 312.
24
What is the greatest common factor of 225 and 9?
9
What is the greatest common factor of 101 and 7979?
101
What is the greatest common factor of 24386 and 137?
137
Calculate the greatest common factor of 100 and 4580.
20
Calculate the highest common factor of 98 and 110054.
98
Calculate the greatest common factor of 35040 and 240.
240
Calculate the highest common factor of 40 and 320.
40
Calculate the greatest common factor of 8683 and 19.
19
Calculate the highest common factor of 72 and 408.
24
Calculate the highest common divisor of 87 and 493.
29
What is the highest common factor of 66 and 66?
66
What is the highest common factor of 497 and 112?
7
Calculate the highest common divisor of 7 and 49.
7
What is the greatest common divisor of 1445 and 85?
85
Calculate the highest common divisor of 25 and 675.
25
What is the greatest common factor of 67 and 402?
67
What is the highest common factor of 198 and 21?
3
Calculate the greatest common factor of 320 and 64.
64
What is the highest common divisor of 8 and 3?
1
Calculate the highest common factor of 17 and 85.
17
Calculate the highest common divisor of 7 and 679.
7
Calculate the highest common factor of 368 and 48.
16
What is the highest common divisor of 12446 and 882?
98
What is the greatest common divisor of 1161 and 297?
27
Calculate the greatest common factor of 1632 and 368.
16
Calculate the greatest common factor of 22 and 1342.
22
What is the greatest common factor of 85 and 23273?
17
Calculate the highest common factor of 10 and 2465.
5
What is the highest common divisor of 37 and 925?
37
Calculate the highest common divisor of 99 and 81.
9
What is the greatest common factor of 2 and 19?
1
Calculate the highest common factor of 70 and 2260.
10
What is the greatest common divisor of 282 and 24?
6
What is the greatest common factor of 252 and 10296?
36
What is the highest common factor of 176 and 913?
11
What is the greatest common divisor of 360 and 135?
45
Calculate the greatest common factor of 147 and 6321.
147
What is the highest common divisor of 1525 and 25?
25
Calculate the greatest common factor of 87 and 1363.
29
Calculate the highest common factor of 938 and 1474.
134
Calculate the highest common divisor of 5 and 205.
5
What is the highest common divisor of 36 and 234?
18
What is the greatest common divisor of 3084 and 12?
12
Calculate the highest common factor of 125 and 600.
25
Calculate the greatest common divisor of 9 and 63.
9
What is the highest common divisor of 442 and 850?
34
Calculate the highest common divisor of 1552 and 16.
16
Calculate the highest common divisor of 105 and 1008.
21
What is the highest common divisor of 87 and 116?
29
What is the highest common divisor of 133 and 57?
19
What is the greatest common factor of 14 and 5362?
14
What is the greatest common factor of 3825 and 90?
45
Calculate the greatest common divisor of 20 and 970.
10
What is the greatest common divisor of 576 and 18?
18
What is the greatest common divisor of 8 and 2?
2
What is the greatest common divisor of 486 and 7938?
162
Calculate the highest common factor of 26931 and 191.
191
Calculate the highest common factor of 369 and 164.
41
What is the highest common factor of 60 and 3280?
20
What is the highest common divisor of 9 and 30087?
9
What is the greatest common divisor of 212 and 16?
4
What is the highest common divisor of 2556 and 168?
12
What is the highest common factor of 18078 and 138?
138
Calculate the greatest common divisor of 1272 and 72.
24
Calculate the highest common divisor of 160 and 5.
5
Calculate the greatest common divisor of 169 and 18421.
169
Calculate the greatest common divisor of 182 and 350.
14
Calculate the highest common factor of 1120 and 364.
28
Calculate the highest common factor of 21846 and 66.
66
Calculate the greatest common divisor of 4 and 1472.
4
What is the greatest common factor of 238 and 56?
14
Calculate the highest common divisor of 810 and 3078.
162
Calculate the greatest common divisor of 2563 and 33.
11
Calculate the greatest common factor of 70 and 30.
10
What is the highest common factor of 62 and 21266?
62
What is the highest common factor of 106 and 2703?
53
Calculate the greatest common divisor of 50 and 275.
25
Calculate the greatest common factor of 858 and 2046.
66
Calculate the greatest common divisor of 322 and 42.
14
Calculate the greatest common divisor of 43 and 39517.
43
Calculate the greatest common divisor of 2448 and 288.
144
What is the greatest common divisor of 1216 and 95?
19
Calculate the highest common factor of 8 and 3356.
4
What is the highest common factor of 21 and 3549?
21
What is the highest common factor of 744 and 6?
6
What is the greatest common divisor of 1088 and 153?
17
Calculate the highest common factor of 6808 and 8.
8
Calculate the highest common factor of 364 and 52.
52
What is the greatest common factor of 216 and 90?
18
What is the greatest common factor of 840 and 1176?
168
Calculate the greatest common factor of 570 and 6.
6
What is the highest common divisor of 3120 and 384?
48
Calculate the greatest common divisor of 162 and 1377.
81
Calculate the highest common factor of 800 and 325.
25
Calculate the greatest common divisor of 27588 and 228.
228
Calculate the greatest common divisor of 1 and 3433.
1
What is the greatest common factor of 90 and 9510?
30
Calculate the highest common factor of 550 and 30.
10
Calculate the highest common divisor of 132 and 1683.
33
What is the highest common factor of 28528 and 32?
16
Calculate the greatest common divisor of 104 and 16.
8
Calculate the greatest common factor of 7692 and 36.
12
What is the greatest common factor of 893 and 282?
47
Calculate the greatest common divisor of 4236 and 96.
12
Calculate the greatest common divisor of 38 and 6.
2
Calculate the highest common divisor of 390 and 30.
30
What is the greatest common factor of 611 and 423?
47
Calculate the highest common factor of 315 and 42.
21
What is the highest common divisor of 63 and 18?
9
What is the highest common divisor of 190 and 1615?
95
Calculate the greatest common factor of 567 and 162.
81
What is the greatest common divisor of 25 and 400?
25
What is the highest common factor of 567 and 8883?
189
Calculate the greatest common divisor of 399 and 189.
21
Calculate the greatest common factor of 35 and 55.
5
Calculate the highest common divisor of 895 and 5.
5
Calculate the greatest common factor of 92 and 66884.
92
What is the highest common factor of 9625 and 350?
175
Calculate the greatest common factor of 1342 and 110.
22
What is the highest common factor of 7821 and 158?
79
What is the greatest common divisor of 1711 and 59?
59
Calculate the highest common divisor of 22 and 18667.
11
Calculate the highest common factor of 156 and 208.
52
What is the greatest common divisor of 1 and 3?
1
Calculate the greatest common divisor of 902 and 22.
22
Calculate the greatest common factor of 18 and 450.
18
What is the greatest common factor of 488 and 12139?
61
What is the greatest common factor of 39 and 182?
13
What is the greatest common divisor of 186 and 279?
93
What is the greatest common divisor of 14 and 35?
7
What is the highest common factor of 156 and 429?
39
Calculate the greatest common factor of 210